212122111
What is -4da (base 15) in base 16?
-451
Convert 1182 (base 9) to base 5.
12014
21070 (base 10) to base 3
1001220101
Convert -9169 (base 10) to base 13.
-4234
Convert 36c5 (base 13) to base 6.
55542
-170 (base 12) to base 10
-228
Convert 98e4 (base 15) to base 4.
13322011
10401 (base 5) to base 13
43b
What is 925 (base 12) in base 13?
7ac
What is 10101000101101 (base 2) in base 5?
321142
Convert -1d9 (base 15) to base 6.
-1553
42 (base 10) to base 2
101010
What is 33031 (base 6) in base 10?
4555
What is 7104 (base 9) in base 11?
3997
1001101101100 (base 2) to base 15
1717
158 (base 14) to base 12
1aa
What is 2002101102 (base 3) in base 11?
28979
What is -66819 (base 10) in base 9?
-111583
Convert 1040 (base 8) to base 4.
20200
What is 3532 (base 7) in base 12?
901
-4250 (base 6) to base 5
-12331
1122100 (base 3) to base 8
2255
Convert 22220210 (base 3) to base 14.
2525
Convert -8c (base 14) to base 7.
-235
Convert -38289 (base 11) to base 12.
-2793a
2485 (base 12) to base 5
113013
-2032110 (base 4) to base 3
-110111100
133 (base 15) to base 16
111
Convert -100001110011 (base 2) to base 4.
-201303
Convert 1700 (base 9) to base 14.
688
4ccd (base 16) to base 8
46315
What is -201120021 (base 3) in base 12?
-8307
What is -204 (base 14) in base 3?
-112200
What is -320 (base 5) in base 13?
-67
-2102331 (base 4) to base 16
-24bd
-1051 (base 11) to base 8
-2553
What is 88 (base 16) in base 2?
10001000
301 (base 11) to base 16
16c
Convert 31 (base 15) to base 4.
232
10101111101110 (base 2) to base 13
5171
-21023 (base 10) to base 2
-101001000011111
Convert -ab92 (base 12) to base 8.
-45036
Convert 257 (base 11) to base 7.
613
What is 1000100010110 (base 2) in base 13?
1cb6
What is 63a0 (base 11) in base 9?
12538
-2000120211 (base 3) to base 9
-60524
What is 23323 (base 8) in base 16?
26d3
What is 4500 (base 6) in base 15?
499
What is 2759 (base 10) in base 8?
5307
Convert 8194 (base 16) to base 6.
413324
What is -21442 (base 8) in base 10?
-8994
232244 (base 6) to base 4
10320010
376 (base 10) to base 8
570
Convert 33412 (base 9) to base 7.
121511
Convert 340010 (base 6) to base 9.
43106
Convert 101102202 (base 3) to base 14.
2ab5
20143 (base 10) to base 12
b7a7
What is 79 (base 10) in base 13?
61
Convert -1211100100 (base 3) to base 14.
-d177
What is -4058 (base 11) in base 7?
-21464
42a (base 14) to base 15
39c
24a (base 13) to base 3
112211
What is -788 (base 10) in base 6?
-3352
What is -12783 (base 9) in base 4?
-2013111
-113 (base 9) to base 6
-233
Convert 1111000101 (base 3) to base 5.
1413140
392 (base 13) to base 8
1162
Convert -3811 (base 11) to base 6.
-35005
Convert 1001011 (base 2) to base 10.
75
-100042 (base 5) to base 11
-2401
Convert -358 (base 12) to base 7.
-1313
What is -105336 (base 8) in base 12?
-186a6
What is -10010101010101 (base 2) in base 15?
-2c72
What is 10022002 (base 3) in base 15?
aa5
What is -5d5 (base 15) in base 3?
-1211002
5031 (base 7) to base 11
133a
What is 124 (base 12) in base 11?
147
What is -1122 (base 4) in base 13?
-6c
What is 48b (base 16) in base 15?
528
Convert 10011110 (base 2) to base 16.
9e
-10000010111010 (base 2) to base 16
-20ba
What is 1324243 (base 5) in base 13?
c294
What is -23133 (base 4) in base 16?
-2df
Convert 32707 (base 8) to base 13.
6360
5303 (base 6) to base 7
3321
-3e2 (base 15) to base 8
-1567
Convert -8db3 (base 15) to base 3.
-1112021120
-9884 (base 12) to base 5
-1014204
What is -43414 (base 5) in base 7?
-11462
11220 (base 4) to base 9
440
What is 33b (base 13) in base 10?
557
Convert -880a (base 14) to base 9.
-35244
What is 58c5 (base 13) in base 6?
133510
Convert 42012 (base 6) to base 9.
7638
Convert -1103 (base 5) to base 8.
-231
Convert -320 (base 4) to base 13.
-44
-2a2 (base 16) to base 2
-1010100010
Convert 1303 (base 12) to base 11.
1697
What is 8c8 (base 16) in base 15?
9ed
Convert 42 (base 14) to base 5.
213
-111011001001 (base 2) to base 6
-25305
Convert -18783 (base 13) to base 9.
-72046
Convert 2110 (base 5) to base 10.
280
What is a879 (base 14) in base 12?
14a23
Convert 1110000101000 (base 2) to base 12.
4208
31201 (base 4) to base 13
517
-16cc (base 13) to base 5
-102004
24342 (base 6) to base 7
13316
-60 (base 13) to base 5
-303
What is -4600 (base 10) in base 4?
-1013320
Convert 24324 (base 6) to base 16.
dfc
5233 (base 14) to base 13
65a0
-89 (base 12) to base 8
-151
What is 868 (base 14) in base 8?
3174
What is 97 (base 12) in base 10?
115
What is 30d1 (base 16) in base 6?
133505
110010010 (base 2) to base 10
402
-4158 (base 12) to base 8
-15724
Convert 1e6 (base 15) to base 10.
441
Convert -446 (base 10) to base 15.
-1eb
Convert -1144104 (base 5) to base 11.
-153aa
What is -39620 (base 10) in base 12?
-1ab18
What is -111100000101 (base 2) in base 6?
-25445
488 (base 12) to base 10
680
Convert -9092 (base 10) to base 6.
-110032
What is 53757 (base 11) in base 4?
103010123
1b126 (base 12) to base 8
115756
What is 12580 (base 9) in base 4?
2010300
What is 1100011111001 (base 2) in base 11?
4892
What is 111100000011011 (base 2) in base 3?
1120011210
Convert 33c (base 16) to base 14.
432
8c95 (base 13) to base 11
13903
-1021202 (base 3) to base 13
-572
-41 (base 14) to base 6
-133
Convert 283a (base 12) to base 10.
4654
What is 12000000 (base 3) in base 8?
7075
What is -200 (base 15) in base 10?
-450
3661 (base 9) to base 8
5250
What is -101010000010 (base 2) in base 15?
-be5
Convert -307 (base 9) to base 14.
-13c
What is -124766 (base 8) in base 4?
-22213312
What is -1717 (base 11) in base 15?
-9b6
What is -175 (base 13) in base 10?
-265
Convert 12657 (base 9) to base 2.
10000101101101
Convert -7d18 (base 15) to base 8.
-63715
418a (base 13) to base 5
242241
2 (base 6) to base 2
10
What is -226 (base 8) in base 15?
-a0
What is -8263 (base 15) in base 3?
-1101210010
Convert 153163 (base 8) to base 2.
1101011001110011
8666 (base 9) to base 6
45310
Convert -3562 (base 7) to base 9.
-1724
What is -144002 (base 6) in base 12?
-8002
What is -102010 (base 3) in base 15?
-150
Convert 1643 (base 14) to base 9.
5411
-12031 (base 6) to base 14
-8cb
-3395 (base 10) to base 6
-23415
Convert 10100010000 (base 2) to base 15.
5b6
Convert 40aa (base 14) to base 3.
120021002
What is 418 (base 11) in base 16?
1f7
Convert 4376 (base 9) to base 4.
302130
What is -531421 (base 6) in base 7?
-236530
What is -123006 (base 7) in base 4?
-11201310
Convert -1644 (base 7) to base 2.
-1010011101
What is 9693 (base 16) in base 13?
14712
-14301 (base 11) to base 8
-47551
What is 221122 (base 3) in base 12?
498
-111011100000 (base 2) to base 8
-7340
What is -990 (base 10) in base 9?
-1320
What is 418 (base 14) in base 7?
2231
What is 1c3 (base 16) in base 2?
111000011
What is 812c (base 13) in base 15?
5408
What is -98 (base 12) in base 6?
-312
What is -bb (base 13) in base 10?
-154
-134215 (base 7) to base 13
-b7ac
What is -7144 (base 10) in base 16?
-1be8
2344243 (base 5) to base 10
43698
100212 (base 3) to base 9
325
What is 86 (base 12) in base 6?
250
Convert 253 (base 14) to base 11.
393
What is -2104 (base 8) in base 4?
-101010
What is -3550 (base 7) in base 8?
-2435
-215 (base 12) to base 9
-368
Convert -6462 (base 10) to base 3.
-22212100
Convert 134561 (base 7) to base 10.
25670
-3230 (base 4) to base 5
-1421
What is 111202 (base 5) in base 8?
7527
22c1 (base 14) to base 5
143144
177aa (base 11) to base 14
9125
What is -23664 (base 9) in base 11?
-10a02
What is 603 (base 15) in base 9?
1763
What is 32627 (base 8) in base 14?
4ddd
What is 240130 (base 5) in base 12?
5106
What is -204350 (base 6) in base 4?
-10002222
-11211 (base 5) to base 7
-2231
What is 42745 (base 8) in base 10?
17893
Convert -1011110010111 (base 2) to base 9.
-8250
-1010110110010 (base 2) to base 10
-5554
What is -17160 (base 8) in base 14?
-2ba8
124554 (base 6) to base 2
10110010110110
What is 400 (base 9) in base 2?
101000100
Convert 433 (base 5) to base 14.
86
Convert 100034 (base 5) to base 10.
3144
What is 59c (base 15) in base 14?
66c
Convert -1906 (base 16) to base 11.
-48a4
Convert 994 (base 14) to base 12.
111a
Convert 201221212 (base 3) to base 10.
14549
What is 9210 (base 14) in base 3?
1021102201
What is -1060 (base 10) in base 14?
-55a
What is -4a14 (base 11) in base 12?
-3959
Convert 221